CRAN Package Check Results for Package handlr

Last updated on 2021-01-25 00:47:59 CET.

Flavor Version Tinstall Tcheck Ttotal Status Flags
r-devel-linux-x86_64-debian-clang 0.3.0 5.15 40.68 45.83 OK
r-devel-linux-x86_64-debian-gcc 0.3.0 4.12 31.45 35.57 OK
r-devel-linux-x86_64-fedora-clang 0.3.0 64.01 NOTE
r-devel-linux-x86_64-fedora-gcc 0.3.0 53.66 OK
r-devel-windows-ix86+x86_64 0.3.0 11.00 55.00 66.00 OK
r-patched-linux-x86_64 0.3.0 5.95 38.26 44.21 OK
r-patched-solaris-x86 0.3.0 81.00 OK
r-release-linux-x86_64 0.3.0 4.75 38.28 43.03 OK
r-release-macos-x86_64 0.3.0 OK
r-release-windows-ix86+x86_64 0.3.0 31.00 60.00 91.00 OK
r-oldrel-macos-x86_64 0.3.0 OK
r-oldrel-windows-ix86+x86_64 0.3.0 8.00 56.00 64.00 OK

Check Details

Version: 0.3.0
Check: package dependencies
Result: NOTE
    Suggests orphaned package: ‘bibtex’
Flavor: r-devel-linux-x86_64-fedora-clang