Last updated on 2021-01-25 00:47:59 CET.
Flavor | Version | Tinstall | Tcheck | Ttotal | Status | Flags |
---|---|---|---|---|---|---|
r-devel-linux-x86_64-debian-clang | 0.1.0 | 3.73 | 30.62 | 34.35 | OK | |
r-devel-linux-x86_64-debian-gcc | 0.1.0 | 2.87 | 23.66 | 26.53 | OK | |
r-devel-linux-x86_64-fedora-clang | 0.1.0 | 52.41 | NOTE | |||
r-devel-linux-x86_64-fedora-gcc | 0.1.0 | 41.07 | NOTE | |||
r-devel-windows-ix86+x86_64 | 0.1.0 | 7.00 | 47.00 | 54.00 | OK | |
r-patched-linux-x86_64 | 0.1.0 | 3.51 | 29.35 | 32.86 | OK | |
r-patched-solaris-x86 | 0.1.0 | 61.60 | NOTE | |||
r-release-linux-x86_64 | 0.1.0 | 3.47 | 29.44 | 32.91 | OK | |
r-release-macos-x86_64 | 0.1.0 | NOTE | ||||
r-release-windows-ix86+x86_64 | 0.1.0 | 31.00 | 50.00 | 81.00 | OK | |
r-oldrel-macos-x86_64 | 0.1.0 | NOTE | ||||
r-oldrel-windows-ix86+x86_64 | 0.1.0 | 5.00 | 49.00 | 54.00 | OK |
Version: 0.1.0
Check: data for non-ASCII characters
Result: NOTE
Note: found 216 marked UTF-8 strings
Flavors: r-devel-linux-x86_64-fedora-clang, r-devel-linux-x86_64-fedora-gcc, r-patched-solaris-x86, r-release-macos-x86_64, r-oldrel-macos-x86_64