CRAN Package Check Results for Package hextri

Last updated on 2021-01-25 00:47:59 CET.

Flavor Version Tinstall Tcheck Ttotal Status Flags
r-devel-linux-x86_64-debian-clang 0.6 3.04 37.48 40.52 NOTE
r-devel-linux-x86_64-debian-gcc 0.6 2.25 27.74 29.99 NOTE
r-devel-linux-x86_64-fedora-clang 0.6 54.81 OK
r-devel-linux-x86_64-fedora-gcc 0.6 45.00 OK
r-devel-windows-ix86+x86_64 0.6 7.00 54.00 61.00 NOTE
r-patched-linux-x86_64 0.6 3.14 34.54 37.68 NOTE
r-patched-solaris-x86 0.6 72.00 OK
r-release-linux-x86_64 0.6 2.94 33.71 36.65 NOTE
r-release-macos-x86_64 0.6 OK
r-release-windows-ix86+x86_64 0.6 6.00 63.00 69.00 NOTE
r-oldrel-macos-x86_64 0.6 OK
r-oldrel-windows-ix86+x86_64 0.6 5.00 57.00 62.00 OK

Check Details

Version: 0.6
Check: package vignettes
Result: NOTE
    Package vignette with placeholder title 'Vignette Title':
     'hexbin-classes.Rmd'
Flavors: r-devel-linux-x86_64-debian-clang, r-devel-linux-x86_64-debian-gcc, r-devel-windows-ix86+x86_64, r-patched-linux-x86_64, r-release-linux-x86_64, r-release-windows-ix86+x86_64