CRAN Package Check Results for Package histry

Last updated on 2021-01-25 00:47:59 CET.

Flavor Version Tinstall Tcheck Ttotal Status Flags
r-devel-linux-x86_64-debian-clang 0.2.4 8.81 65.86 74.67 OK
r-devel-linux-x86_64-debian-gcc 0.2.4 6.65 52.08 58.73 OK
r-devel-linux-x86_64-fedora-clang 0.2.4 101.14 OK
r-devel-linux-x86_64-fedora-gcc 0.2.4 88.95 OK
r-devel-windows-ix86+x86_64 0.2.4 21.00 80.00 101.00 OK
r-patched-linux-x86_64 0.2.4 6.39 63.19 69.58 OK
r-patched-solaris-x86 0.2.4 141.80 NOTE
r-release-linux-x86_64 0.2.4 7.69 62.62 70.31 OK
r-release-macos-x86_64 0.2.4 OK
r-release-windows-ix86+x86_64 0.2.4 16.00 91.00 107.00 OK
r-oldrel-macos-x86_64 0.2.4 NOTE
r-oldrel-windows-ix86+x86_64 0.2.4 11.00 84.00 95.00 OK

Check Details

Version: 0.2.4
Check: package dependencies
Result: NOTE
    Package suggested but not available for checking: ‘trackr’
Flavors: r-patched-solaris-x86, r-oldrel-macos-x86_64