CRAN Package Check Results for Package hutilscpp

Last updated on 2021-01-25 00:47:59 CET.

Flavor Version Tinstall Tcheck Ttotal Status Flags
r-devel-linux-x86_64-debian-clang 0.5.2 258.78 318.35 577.13 OK
r-devel-linux-x86_64-debian-gcc 0.5.2 148.55 240.72 389.27 OK
r-devel-linux-x86_64-fedora-clang 0.5.2 766.40 NOTE
r-devel-linux-x86_64-fedora-gcc 0.5.2 678.45 OK
r-devel-windows-ix86+x86_64 0.5.2 547.00 468.00 1015.00 OK
r-patched-linux-x86_64 0.5.2 187.30 299.29 486.59 OK
r-patched-solaris-x86 0.5.2 821.00 OK
r-release-linux-x86_64 0.5.2 186.31 310.41 496.72 OK
r-release-macos-x86_64 0.5.2 OK
r-release-windows-ix86+x86_64 0.5.2 439.00 560.00 999.00 OK
r-oldrel-macos-x86_64 0.5.2 NOTE
r-oldrel-windows-ix86+x86_64 0.5.2 446.00 465.00 911.00 OK

Check Details

Version: 0.5.2
Check: installed package size
Result: NOTE
     installed size is 8.2Mb
     sub-directories of 1Mb or more:
     libs 7.9Mb
Flavors: r-devel-linux-x86_64-fedora-clang, r-oldrel-macos-x86_64