CRAN Package Check Results for Package i2dash

Last updated on 2021-01-25 00:47:59 CET.

Flavor Version Tinstall Tcheck Ttotal Status Flags
r-devel-linux-x86_64-debian-clang 0.2.2 3.64 41.67 45.31 OK
r-devel-linux-x86_64-debian-gcc 0.2.2 3.21 32.52 35.73 OK
r-devel-linux-x86_64-fedora-clang 0.2.2 67.83 NOTE
r-devel-linux-x86_64-fedora-gcc 0.2.2 59.22 NOTE
r-devel-windows-ix86+x86_64 0.2.2 11.00 52.00 63.00 NOTE
r-patched-linux-x86_64 0.2.2 4.41 40.49 44.90 OK
r-patched-solaris-x86 0.2.2 77.70 NOTE
r-release-linux-x86_64 0.2.2 4.04 37.91 41.95 OK
r-release-macos-x86_64 0.2.2 NOTE
r-release-windows-ix86+x86_64 0.2.2 36.00 61.00 97.00 NOTE
r-oldrel-macos-x86_64 0.2.2 WARN
r-oldrel-windows-ix86+x86_64 0.2.2 6.00 64.00 70.00 NOTE

Check Details

Version: 0.2.2
Check: installed package size
Result: NOTE
     installed size is 6.1Mb
     sub-directories of 1Mb or more:
     doc 5.7Mb
Flavors: r-devel-linux-x86_64-fedora-clang, r-devel-windows-ix86+x86_64, r-patched-solaris-x86, r-release-macos-x86_64, r-release-windows-ix86+x86_64, r-oldrel-macos-x86_64, r-oldrel-windows-ix86+x86_64

Version: 0.2.2
Check: dependencies in R code
Result: NOTE
    Namespaces in Imports field not imported from:
     ‘assertive.types’ ‘flexdashboard’ ‘rmarkdown’ ‘stats’ ‘stringr’
     ‘yaml’ ‘ymlthis’
     All declared Imports should be used.
Flavors: r-devel-linux-x86_64-fedora-clang, r-devel-linux-x86_64-fedora-gcc, r-patched-solaris-x86, r-release-macos-x86_64, r-oldrel-macos-x86_64

Version: 0.2.2
Check: package dependencies
Result: NOTE
    Package suggested but not available for checking: ‘BiocStyle’
Flavor: r-oldrel-macos-x86_64

Version: 0.2.2
Check: re-building of vignette outputs
Result: WARN
    Error(s) in re-building vignettes:
     ...
    --- re-building ‘i2dash-intro.Rmd’ using rmarkdown
    Warning in engine$weave(file, quiet = quiet, encoding = enc) :
     Pandoc (>= 1.12.3) and/or pandoc-citeproc not available. Falling back to R Markdown v1.
    Quitting from lines 2-25 (i2dash-intro.Rmd)
    Error: processing vignette 'i2dash-intro.Rmd' failed with diagnostics:
    there is no package called 'BiocStyle'
    --- failed re-building ‘i2dash-intro.Rmd’
    
    SUMMARY: processing the following file failed:
     ‘i2dash-intro.Rmd’
    
    Error: Vignette re-building failed.
    Execution halted
Flavor: r-oldrel-macos-x86_64