CRAN Package Check Results for Package iNZightTS

Last updated on 2021-01-25 00:48:00 CET.

Flavor Version Tinstall Tcheck Ttotal Status Flags
r-devel-linux-x86_64-debian-clang 1.5.7 5.80 102.03 107.83 OK
r-devel-linux-x86_64-debian-gcc 1.5.7 5.32 74.78 80.10 OK
r-devel-linux-x86_64-fedora-clang 1.5.7 131.77 NOTE
r-devel-linux-x86_64-fedora-gcc 1.5.7 122.27 NOTE
r-devel-windows-ix86+x86_64 1.5.7 16.00 109.00 125.00 OK
r-patched-linux-x86_64 1.5.7 5.23 94.38 99.61 OK
r-patched-solaris-x86 1.5.7 156.20 NOTE
r-release-linux-x86_64 1.5.7 5.38 93.35 98.73 OK
r-release-macos-x86_64 1.5.7 NOTE
r-release-windows-ix86+x86_64 1.5.7 22.00 127.00 149.00 OK
r-oldrel-macos-x86_64 1.5.7 NOTE
r-oldrel-windows-ix86+x86_64 1.5.7 10.00 137.00 147.00 OK

Check Details

Version: 1.5.7
Check: dependencies in R code
Result: NOTE
    Namespace in Imports field not imported from: ‘egg’
     All declared Imports should be used.
Flavors: r-devel-linux-x86_64-fedora-clang, r-devel-linux-x86_64-fedora-gcc, r-patched-solaris-x86, r-release-macos-x86_64, r-oldrel-macos-x86_64