CRAN Package Check Results for Package icesTAF

Last updated on 2021-01-25 00:47:59 CET.

Flavor Version Tinstall Tcheck Ttotal Status Flags
r-devel-linux-x86_64-debian-clang 3.6.0 5.03 49.45 54.48 OK
r-devel-linux-x86_64-debian-gcc 3.6.0 4.62 39.26 43.88 OK
r-devel-linux-x86_64-fedora-clang 3.6.0 74.40 NOTE
r-devel-linux-x86_64-fedora-gcc 3.6.0 64.79 OK
r-devel-windows-ix86+x86_64 3.6.0 14.00 81.00 95.00 OK
r-patched-linux-x86_64 3.6.0 5.47 47.63 53.10 OK
r-patched-solaris-x86 3.6.0 92.90 OK
r-release-linux-x86_64 3.6.0 5.77 47.47 53.24 OK
r-release-macos-x86_64 3.6.0 OK
r-release-windows-ix86+x86_64 3.6.0 34.00 75.00 109.00 OK
r-oldrel-macos-x86_64 3.6.0 OK
r-oldrel-windows-ix86+x86_64 3.6.0 10.00 74.00 84.00 OK

Check Details

Version: 3.6.0
Check: Rd cross-references
Result: NOTE
    Undeclared package ‘icesAdvice’ in Rd xrefs
Flavor: r-devel-linux-x86_64-fedora-clang