Last updated on 2021-01-25 00:47:59 CET.
Flavor | Version | Tinstall | Tcheck | Ttotal | Status | Flags |
---|---|---|---|---|---|---|
r-devel-linux-x86_64-debian-clang | 1.16.8 | 25.43 | 128.26 | 153.69 | OK | |
r-devel-linux-x86_64-debian-gcc | 1.16.8 | 22.57 | 96.00 | 118.57 | OK | |
r-devel-linux-x86_64-fedora-clang | 1.16.8 | 196.43 | OK | |||
r-devel-linux-x86_64-fedora-gcc | 1.16.8 | 186.70 | OK | |||
r-devel-windows-ix86+x86_64 | 1.16.8 | 46.00 | 114.00 | 160.00 | OK | |
r-patched-linux-x86_64 | 1.16.8 | 25.10 | 115.81 | 140.91 | OK | |
r-patched-solaris-x86 | 1.16.8 | 217.50 | OK | |||
r-release-linux-x86_64 | 1.16.8 | 26.06 | 117.43 | 143.49 | OK | |
r-release-macos-x86_64 | 1.16.8 | NOTE | ||||
r-release-windows-ix86+x86_64 | 1.16.8 | 45.00 | 140.00 | 185.00 | OK | |
r-oldrel-macos-x86_64 | 1.16.8 | OK | ||||
r-oldrel-windows-ix86+x86_64 | 1.16.8 | 38.00 | 129.00 | 167.00 | OK |
Version: 1.16.8
Check: package dependencies
Result: NOTE
Packages suggested but not available for checking: 'ggtree', 'treeio'
Flavor: r-release-macos-x86_64