Last updated on 2021-01-25 00:48:00 CET.
Flavor | Version | Tinstall | Tcheck | Ttotal | Status | Flags |
---|---|---|---|---|---|---|
r-devel-linux-x86_64-debian-clang | 0.42.3 | 644.77 | 171.57 | 816.34 | OK | |
r-devel-linux-x86_64-debian-gcc | 0.42.3 | 535.20 | 130.06 | 665.26 | OK | |
r-devel-linux-x86_64-fedora-clang | 0.42.3 | 1185.89 | NOTE | |||
r-devel-linux-x86_64-fedora-gcc | 0.42.3 | 1218.34 | OK | |||
r-devel-windows-ix86+x86_64 | 0.42.3 | 1403.00 | 319.00 | 1722.00 | NOTE | |
r-patched-linux-x86_64 | 0.42.3 | 575.45 | 160.49 | 735.94 | OK | |
r-patched-solaris-x86 | 0.42.3 | 897.20 | NOTE | |||
r-release-linux-x86_64 | 0.42.3 | 603.14 | 162.55 | 765.69 | OK | |
r-release-macos-x86_64 | 0.42.3 | NOTE | ||||
r-release-windows-ix86+x86_64 | 0.42.3 | 1369.00 | 366.00 | 1735.00 | NOTE | |
r-oldrel-macos-x86_64 | 0.42.3 | NOTE | ||||
r-oldrel-windows-ix86+x86_64 | 0.42.3 | 1058.00 | 363.00 | 1421.00 | NOTE |
Version: 0.42.3
Check: installed package size
Result: NOTE
installed size is 48.9Mb
sub-directories of 1Mb or more:
data 1.4Mb
doc 1.1Mb
extdata 1.1Mb
include 3.0Mb
libs 41.7Mb
Flavors: r-devel-linux-x86_64-fedora-clang, r-devel-windows-ix86+x86_64, r-patched-solaris-x86, r-release-macos-x86_64, r-release-windows-ix86+x86_64, r-oldrel-macos-x86_64, r-oldrel-windows-ix86+x86_64