Last updated on 2021-01-25 00:48:00 CET.
Flavor | Version | Tinstall | Tcheck | Ttotal | Status | Flags |
---|---|---|---|---|---|---|
r-devel-linux-x86_64-debian-clang | 2.1.13 | 15.69 | 146.01 | 161.70 | NOTE | |
r-devel-linux-x86_64-debian-gcc | 2.1.13 | 12.70 | 107.46 | 120.16 | NOTE | |
r-devel-linux-x86_64-fedora-clang | 2.1.13 | 202.22 | OK | |||
r-devel-linux-x86_64-fedora-gcc | 2.1.13 | 195.12 | OK | |||
r-devel-windows-ix86+x86_64 | 2.1.13 | 32.00 | 152.00 | 184.00 | OK | |
r-patched-linux-x86_64 | 2.1.13 | 13.86 | 131.14 | 145.00 | NOTE | |
r-patched-solaris-x86 | 2.1.13 | 259.00 | NOTE | |||
r-release-linux-x86_64 | 2.1.13 | 14.19 | 133.12 | 147.31 | NOTE | |
r-release-macos-x86_64 | 2.1.13 | NOTE | ||||
r-release-windows-ix86+x86_64 | 2.1.13 | 49.00 | 190.00 | 239.00 | OK | |
r-oldrel-macos-x86_64 | 2.1.13 | NOTE | ||||
r-oldrel-windows-ix86+x86_64 | 2.1.13 | 26.00 | 170.00 | 196.00 | OK |
Version: 2.1.13
Check: package dependencies
Result: NOTE
Package suggested but not available for checking: 'INLA'
Flavors: r-devel-linux-x86_64-debian-clang, r-devel-linux-x86_64-debian-gcc, r-patched-linux-x86_64, r-patched-solaris-x86, r-release-linux-x86_64, r-release-macos-x86_64, r-oldrel-macos-x86_64
Version: 2.1.13
Check: Rd cross-references
Result: NOTE
Package unavailable to check Rd xrefs: 'INLA'
Flavors: r-devel-linux-x86_64-debian-clang, r-devel-linux-x86_64-debian-gcc, r-patched-linux-x86_64, r-patched-solaris-x86, r-release-linux-x86_64, r-release-macos-x86_64, r-oldrel-macos-x86_64
Version: 2.1.13
Check: dependencies in R code
Result: NOTE
No protocol specified
Flavor: r-oldrel-macos-x86_64