CRAN Package Check Results for Package interval

Last updated on 2021-01-25 00:48:00 CET.

Flavor Version Tinstall Tcheck Ttotal Status Flags
r-devel-linux-x86_64-debian-clang 1.1-0.7 8.76 91.24 100.00 OK
r-devel-linux-x86_64-debian-gcc 1.1-0.7 8.23 70.14 78.37 OK
r-devel-linux-x86_64-fedora-clang 1.1-0.7 129.65 OK
r-devel-linux-x86_64-fedora-gcc 1.1-0.7 121.80 OK
r-devel-windows-ix86+x86_64 1.1-0.7 20.00 119.00 139.00 OK
r-patched-linux-x86_64 1.1-0.7 9.41 84.60 94.01 OK
r-patched-solaris-x86 1.1-0.7 173.70 OK
r-release-linux-x86_64 1.1-0.7 10.13 85.01 95.14 WARN
r-release-macos-x86_64 1.1-0.7 OK
r-release-windows-ix86+x86_64 1.1-0.7 15.00 123.00 138.00 OK
r-oldrel-macos-x86_64 1.1-0.7 NOTE
r-oldrel-windows-ix86+x86_64 1.1-0.7 15.00 96.00 111.00 NOTE

Check Details

Version: 1.1-0.7
Check: re-building of vignette outputs
Result: WARN
    Error(s) in re-building vignettes:
     ...
    --- re-building ‘intervalCensoring.Rnw’ using Sweave
    Loading required package: survival
    Loading required package: perm
    Loading required package: Icens
    Loading required package: MLEcens
    Depends on Icens package available on bioconductor.
    To install use for example:
    install.packages('BiocManager')
    BiocManager::install('Icens')
    Error: processing vignette 'intervalCensoring.Rnw' failed with diagnostics:
    Running ‘texi2dvi’ on ‘intervalCensoring.tex’ failed.
    LaTeX errors:
    ! Undefined control sequence.
    <recently read> \Hy@colorlink
    
    l.93 \begin{document}
    
    ! Undefined control sequence.
    \close@pdflink ->\Hy@endcolorlink
     \Hy@VerboseLinkStop \pdfendlink
    l.93 \begin{document}
    
    ! Undefined control sequence.
    <recently read> \Hy@colorlink
    
    l.93 \begin{document}
    
    ! Undefined control sequence.
    \close@pdflink ->\Hy@endcolorlink
     \Hy@VerboseLinkStop \pdfendlink
    l.93 \begin{document}
    
    --- failed re-building ‘intervalCensoring.Rnw’
    
    SUMMARY: processing the following file failed:
     ‘intervalCensoring.Rnw’
    
    Error: Vignette re-building failed.
    Execution halted
Flavor: r-release-linux-x86_64

Version: 1.1-0.7
Check: R code for possible problems
Result: NOTE
    plot.icfit: no visible global function definition for ‘plot’
    Undefined global functions or variables:
     plot
    Consider adding
     importFrom("graphics", "plot")
    to your NAMESPACE file.
Flavors: r-oldrel-macos-x86_64, r-oldrel-windows-ix86+x86_64