Last updated on 2021-01-25 00:48:00 CET.
Flavor | Version | Tinstall | Tcheck | Ttotal | Status | Flags |
---|---|---|---|---|---|---|
r-devel-linux-x86_64-debian-clang | 1.1 | 8.24 | 64.26 | 72.50 | NOTE | |
r-devel-linux-x86_64-debian-gcc | 1.1 | 6.17 | 49.49 | 55.66 | NOTE | |
r-devel-linux-x86_64-fedora-clang | 1.1 | 95.91 | NOTE | |||
r-devel-linux-x86_64-fedora-gcc | 1.1 | 86.11 | NOTE | |||
r-devel-windows-ix86+x86_64 | 1.1 | 17.00 | 84.00 | 101.00 | NOTE | |
r-patched-linux-x86_64 | 1.1 | 8.35 | 59.09 | 67.44 | NOTE | |
r-patched-solaris-x86 | 1.1 | 125.00 | NOTE | |||
r-release-linux-x86_64 | 1.1 | 7.92 | 58.88 | 66.80 | NOTE | |
r-release-macos-x86_64 | 1.1 | NOTE | ||||
r-release-windows-ix86+x86_64 | 1.1 | 15.00 | 80.00 | 95.00 | NOTE | |
r-oldrel-macos-x86_64 | 1.1 | NOTE | ||||
r-oldrel-windows-ix86+x86_64 | 1.1 | 13.00 | 76.00 | 89.00 | NOTE |
Version: 1.1
Check: DESCRIPTION meta-information
Result: NOTE
Malformed Title field: should not end in a period.
Flavors: r-devel-linux-x86_64-debian-clang, r-devel-linux-x86_64-debian-gcc, r-devel-linux-x86_64-fedora-clang, r-devel-linux-x86_64-fedora-gcc, r-devel-windows-ix86+x86_64, r-patched-linux-x86_64, r-patched-solaris-x86, r-release-linux-x86_64, r-release-macos-x86_64, r-release-windows-ix86+x86_64, r-oldrel-macos-x86_64, r-oldrel-windows-ix86+x86_64
Version: 1.1
Check: R code for possible problems
Result: NOTE
f.B: no visible global function definition for 'pnorm'
f.B.neglog.deriv: no visible global function definition for 'pnorm'
f.B.neglog.deriv: no visible global function definition for 'dnorm'
f.grovest3 : f.est: no visible global function definition for 'survfit'
f.grovest3 : f.est: no visible global function definition for 'lines'
f.grovest3: no visible global function definition for 'model.frame'
f.grovest3: no visible global function definition for 'model.extract'
invGauss: no visible global function definition for 'model.frame'
invGauss: no visible global function definition for 'model.extract'
invGauss: no visible global function definition for 'model.matrix'
predict.invGauss: no visible global function definition for
'model.frame'
predict.invGauss: no visible global function definition for
'model.extract'
predict.invGauss: no visible global function definition for
'model.matrix'
predict.invGauss: no visible binding for global variable 'formula'
predict.invGauss: no visible binding for global variable 'data'
summary.invGauss: no visible global function definition for 'pnorm'
Undefined global functions or variables:
data dnorm formula lines model.extract model.frame model.matrix pnorm
survfit
Consider adding
importFrom("graphics", "lines")
importFrom("stats", "dnorm", "formula", "model.extract", "model.frame",
"model.matrix", "pnorm")
importFrom("utils", "data")
to your NAMESPACE file.
Flavors: r-devel-linux-x86_64-debian-clang, r-devel-linux-x86_64-debian-gcc, r-devel-linux-x86_64-fedora-clang, r-devel-linux-x86_64-fedora-gcc, r-devel-windows-ix86+x86_64, r-patched-linux-x86_64, r-patched-solaris-x86, r-release-linux-x86_64, r-release-macos-x86_64, r-release-windows-ix86+x86_64
Version: 1.1
Check: R code for possible problems
Result: NOTE
f.B: no visible global function definition for ‘pnorm’
f.B.neglog.deriv: no visible global function definition for ‘pnorm’
f.B.neglog.deriv: no visible global function definition for ‘dnorm’
f.grovest3 : f.est: no visible global function definition for ‘survfit’
f.grovest3 : f.est: no visible global function definition for ‘plot’
f.grovest3 : f.est: no visible global function definition for ‘lines’
f.grovest3: no visible global function definition for ‘model.frame’
f.grovest3: no visible global function definition for ‘model.extract’
invGauss: no visible global function definition for ‘model.frame’
invGauss: no visible global function definition for ‘model.extract’
invGauss: no visible global function definition for ‘model.matrix’
predict.invGauss: no visible global function definition for
‘model.frame’
predict.invGauss: no visible global function definition for
‘model.extract’
predict.invGauss: no visible global function definition for
‘model.matrix’
predict.invGauss: no visible binding for global variable ‘formula’
predict.invGauss: no visible binding for global variable ‘data’
summary.invGauss: no visible global function definition for ‘pnorm’
Undefined global functions or variables:
data dnorm formula lines model.extract model.frame model.matrix plot
pnorm survfit
Consider adding
importFrom("graphics", "lines", "plot")
importFrom("stats", "dnorm", "formula", "model.extract", "model.frame",
"model.matrix", "pnorm")
importFrom("utils", "data")
to your NAMESPACE file.
Flavors: r-oldrel-macos-x86_64, r-oldrel-windows-ix86+x86_64