Last updated on 2021-01-25 00:48:00 CET.
Flavor | Version | Tinstall | Tcheck | Ttotal | Status | Flags |
---|---|---|---|---|---|---|
r-devel-linux-x86_64-debian-clang | 1.0 | 6.79 | 65.47 | 72.26 | OK | |
r-devel-linux-x86_64-debian-gcc | 1.0 | 5.32 | 49.60 | 54.92 | OK | |
r-devel-linux-x86_64-fedora-clang | 1.0 | 96.00 | NOTE | |||
r-devel-linux-x86_64-fedora-gcc | 1.0 | 83.83 | NOTE | |||
r-devel-windows-ix86+x86_64 | 1.0 | 16.00 | 73.00 | 89.00 | OK | |
r-patched-linux-x86_64 | 1.0 | 6.67 | 60.67 | 67.34 | OK | |
r-patched-solaris-x86 | 1.0 | 119.30 | NOTE | |||
r-release-linux-x86_64 | 1.0 | 5.76 | 60.64 | 66.40 | OK | |
r-release-macos-x86_64 | 1.0 | NOTE | ||||
r-release-windows-ix86+x86_64 | 1.0 | 37.00 | 94.00 | 131.00 | OK | |
r-oldrel-macos-x86_64 | 1.0 | NOTE | ||||
r-oldrel-windows-ix86+x86_64 | 1.0 | 11.00 | 85.00 | 96.00 | OK |
Version: 1.0
Check: dependencies in R code
Result: NOTE
Namespace in Imports field not imported from: ‘graphics’
All declared Imports should be used.
Flavors: r-devel-linux-x86_64-fedora-clang, r-devel-linux-x86_64-fedora-gcc, r-patched-solaris-x86, r-release-macos-x86_64, r-oldrel-macos-x86_64
Version: 1.0
Check: data for non-ASCII characters
Result: NOTE
Note: found 10234 marked UTF-8 strings
Flavors: r-devel-linux-x86_64-fedora-clang, r-devel-linux-x86_64-fedora-gcc, r-patched-solaris-x86, r-release-macos-x86_64, r-oldrel-macos-x86_64