Last updated on 2021-01-25 00:48:00 CET.
Flavor | Version | Tinstall | Tcheck | Ttotal | Status | Flags |
---|---|---|---|---|---|---|
r-devel-linux-x86_64-debian-clang | 0.9-9 | 11.84 | 126.67 | 138.51 | OK | |
r-devel-linux-x86_64-debian-gcc | 0.9-9 | 9.81 | 94.99 | 104.80 | OK | |
r-devel-linux-x86_64-fedora-clang | 0.9-9 | 173.27 | NOTE | |||
r-devel-linux-x86_64-fedora-gcc | 0.9-9 | 160.93 | OK | |||
r-devel-windows-ix86+x86_64 | 0.9-9 | 26.00 | 214.00 | 240.00 | OK | |
r-patched-linux-x86_64 | 0.9-9 | 11.52 | 118.71 | 130.23 | OK | |
r-patched-solaris-x86 | 0.9-9 | 231.60 | OK | |||
r-release-linux-x86_64 | 0.9-9 | 10.36 | 118.54 | 128.90 | OK | |
r-release-macos-x86_64 | 0.9-9 | OK | ||||
r-release-windows-ix86+x86_64 | 0.9-9 | 27.00 | 213.00 | 240.00 | OK | |
r-oldrel-macos-x86_64 | 0.9-9 | OK | ||||
r-oldrel-windows-ix86+x86_64 | 0.9-9 | 18.00 | 197.00 | 215.00 | OK |
Version: 0.9-9
Check: Rd cross-references
Result: NOTE
Undeclared packages ‘randomForest’, ‘party’ in Rd xrefs
Flavor: r-devel-linux-x86_64-fedora-clang