Last updated on 2021-01-25 00:48:00 CET.
Flavor | Version | Tinstall | Tcheck | Ttotal | Status | Flags |
---|---|---|---|---|---|---|
r-devel-linux-x86_64-debian-clang | 0.5-0 | 6.02 | 84.56 | 90.58 | OK | |
r-devel-linux-x86_64-debian-gcc | 0.5-0 | 5.30 | 62.72 | 68.02 | OK | |
r-devel-linux-x86_64-fedora-clang | 0.5-0 | 114.10 | NOTE | |||
r-devel-linux-x86_64-fedora-gcc | 0.5-0 | 105.58 | OK | |||
r-devel-windows-ix86+x86_64 | 0.5-0 | 16.00 | 91.00 | 107.00 | NOTE | |
r-patched-linux-x86_64 | 0.5-0 | 7.00 | 79.32 | 86.32 | OK | |
r-patched-solaris-x86 | 0.5-0 | 150.20 | NOTE | |||
r-release-linux-x86_64 | 0.5-0 | 6.48 | 80.17 | 86.65 | OK | |
r-release-macos-x86_64 | 0.5-0 | NOTE | ||||
r-release-windows-ix86+x86_64 | 0.5-0 | 25.00 | 117.00 | 142.00 | NOTE | |
r-oldrel-macos-x86_64 | 0.5-0 | NOTE | ||||
r-oldrel-windows-ix86+x86_64 | 0.5-0 | 11.00 | 112.00 | 123.00 | NOTE |
Version: 0.5-0
Check: installed package size
Result: NOTE
installed size is 5.1Mb
sub-directories of 1Mb or more:
doc 4.8Mb
Flavors: r-devel-linux-x86_64-fedora-clang, r-devel-windows-ix86+x86_64, r-patched-solaris-x86, r-release-macos-x86_64, r-release-windows-ix86+x86_64, r-oldrel-macos-x86_64, r-oldrel-windows-ix86+x86_64