Last updated on 2021-01-25 00:48:00 CET.
Flavor | Version | Tinstall | Tcheck | Ttotal | Status | Flags |
---|---|---|---|---|---|---|
r-devel-linux-x86_64-debian-clang | 0.1.0 | 63.54 | 83.78 | 147.32 | OK | |
r-devel-linux-x86_64-debian-gcc | 0.1.0 | 40.02 | 62.45 | 102.47 | OK | |
r-devel-linux-x86_64-fedora-clang | 0.1.0 | 197.17 | NOTE | |||
r-devel-linux-x86_64-fedora-gcc | 0.1.0 | 176.05 | NOTE | |||
r-devel-windows-ix86+x86_64 | 0.1.0 | 152.00 | 147.00 | 299.00 | OK | |
r-patched-linux-x86_64 | 0.1.0 | 51.75 | 79.53 | 131.28 | OK | |
r-patched-solaris-x86 | 0.1.0 | 215.00 | OK | |||
r-release-linux-x86_64 | 0.1.0 | 47.53 | 79.43 | 126.96 | OK | |
r-release-macos-x86_64 | 0.1.0 | NOTE | ||||
r-release-windows-ix86+x86_64 | 0.1.0 | 111.00 | 168.00 | 279.00 | OK | |
r-oldrel-macos-x86_64 | 0.1.0 | NOTE | ||||
r-oldrel-windows-ix86+x86_64 | 0.1.0 | 106.00 | 171.00 | 277.00 | OK |
Version: 0.1.0
Check: top-level files
Result: NOTE
‘cleanup’: /bin/bash is not portable
Flavors: r-devel-linux-x86_64-fedora-clang, r-devel-linux-x86_64-fedora-gcc
Version: 0.1.0
Check: installed package size
Result: NOTE
installed size is 6.0Mb
sub-directories of 1Mb or more:
doc 1.5Mb
libs 4.2Mb
Flavors: r-release-macos-x86_64, r-oldrel-macos-x86_64