Last updated on 2021-01-25 00:48:01 CET.
Flavor | Version | Tinstall | Tcheck | Ttotal | Status | Flags |
---|---|---|---|---|---|---|
r-devel-linux-x86_64-debian-clang | 3.9.9 | 32.67 | 219.35 | 252.02 | OK | |
r-devel-linux-x86_64-debian-gcc | 3.9.9 | 28.72 | 162.49 | 191.21 | OK | |
r-devel-linux-x86_64-fedora-clang | 3.9.9 | 311.61 | NOTE | |||
r-devel-linux-x86_64-fedora-gcc | 3.9.9 | 307.18 | OK | |||
r-devel-windows-ix86+x86_64 | 3.9.9 | 56.00 | 263.00 | 319.00 | NOTE | |
r-patched-linux-x86_64 | 3.9.9 | 32.01 | 200.57 | 232.58 | OK | |
r-patched-solaris-x86 | 3.9.9 | 330.50 | NOTE | |||
r-release-linux-x86_64 | 3.9.9 | 32.50 | 202.15 | 234.65 | OK | |
r-release-macos-x86_64 | 3.9.9 | NOTE | ||||
r-release-windows-ix86+x86_64 | 3.9.9 | 48.00 | 253.00 | 301.00 | NOTE | |
r-oldrel-macos-x86_64 | 3.9.9 | NOTE | ||||
r-oldrel-windows-ix86+x86_64 | 3.9.9 | 43.00 | 258.00 | 301.00 | NOTE |
Version: 3.9.9
Check: installed package size
Result: NOTE
installed size is 5.1Mb
sub-directories of 1Mb or more:
R 1.2Mb
doc 2.9Mb
Flavors: r-devel-linux-x86_64-fedora-clang, r-devel-windows-ix86+x86_64, r-patched-solaris-x86, r-release-macos-x86_64, r-release-windows-ix86+x86_64, r-oldrel-macos-x86_64, r-oldrel-windows-ix86+x86_64