CRAN Package Check Results for Package lineup

Last updated on 2021-01-25 00:48:01 CET.

Flavor Version Tinstall Tcheck Ttotal Status Flags
r-devel-linux-x86_64-debian-clang 0.38-3 7.80 79.48 87.28 OK
r-devel-linux-x86_64-debian-gcc 0.38-3 5.63 58.37 64.00 OK
r-devel-linux-x86_64-fedora-clang 0.38-3 108.96 OK
r-devel-linux-x86_64-fedora-gcc 0.38-3 99.12 OK
r-devel-windows-ix86+x86_64 0.38-3 18.00 120.00 138.00 OK
r-patched-linux-x86_64 0.38-3 7.33 73.83 81.16 OK
r-patched-solaris-x86 0.38-3 139.80 OK
r-release-linux-x86_64 0.38-3 7.25 74.88 82.13 OK
r-release-macos-x86_64 0.38-3 OK
r-release-windows-ix86+x86_64 0.38-3 16.00 123.00 139.00 OK
r-oldrel-macos-x86_64 0.38-3 NOTE
r-oldrel-windows-ix86+x86_64 0.38-3 14.00 125.00 139.00 NOTE

Check Details

Version: 0.38-3
Check: R code for possible problems
Result: NOTE
    plot2dist: no visible global function definition for ‘plot’
    plotEGclass: no visible global function definition for ‘plot’
    Undefined global functions or variables:
     plot
    Consider adding
     importFrom("graphics", "plot")
    to your NAMESPACE file.
Flavors: r-oldrel-macos-x86_64, r-oldrel-windows-ix86+x86_64