CRAN Package Check Results for Package lingtypology

Last updated on 2021-01-25 00:48:01 CET.

Flavor Version Tinstall Tcheck Ttotal Status Flags
r-devel-linux-x86_64-debian-clang 1.1.4 5.81 77.11 82.92 OK
r-devel-linux-x86_64-debian-gcc 1.1.4 5.35 59.17 64.52 OK
r-devel-linux-x86_64-fedora-clang 1.1.4 108.20 NOTE
r-devel-linux-x86_64-fedora-gcc 1.1.4 98.09 NOTE
r-devel-windows-ix86+x86_64 1.1.4 14.00 108.00 122.00 OK
r-patched-linux-x86_64 1.1.4 5.85 72.22 78.07 OK
r-patched-solaris-x86 1.1.4 142.10 NOTE
r-release-linux-x86_64 1.1.4 7.23 72.78 80.01 OK
r-release-macos-x86_64 1.1.4 NOTE
r-release-windows-ix86+x86_64 1.1.4 13.00 114.00 127.00 OK
r-oldrel-macos-x86_64 1.1.4 NOTE
r-oldrel-windows-ix86+x86_64 1.1.4 9.00 109.00 118.00 OK

Check Details

Version: 1.1.4
Check: Rd cross-references
Result: NOTE
    Undeclared package ‘magrittr’ in Rd xrefs
Flavor: r-devel-linux-x86_64-fedora-clang

Version: 1.1.4
Check: data for non-ASCII characters
Result: NOTE
     Note: found 1544 marked UTF-8 strings
Flavors: r-devel-linux-x86_64-fedora-clang, r-devel-linux-x86_64-fedora-gcc, r-patched-solaris-x86, r-release-macos-x86_64, r-oldrel-macos-x86_64