CRAN Package Check Results for Package liquidSVM

Last updated on 2021-01-25 00:48:02 CET.

Flavor Version Tinstall Tcheck Ttotal Status Flags
r-devel-linux-x86_64-debian-clang 1.2.4 54.53 66.70 121.23 OK
r-devel-linux-x86_64-debian-gcc 1.2.4 53.04 53.04 106.08 OK
r-devel-linux-x86_64-fedora-clang 1.2.4 178.17 NOTE
r-devel-linux-x86_64-fedora-gcc 1.2.4 181.48 NOTE
r-devel-windows-ix86+x86_64 1.2.4 117.00 126.00 243.00 NOTE --no-vignettes
r-patched-linux-x86_64 1.2.4 59.06 65.71 124.77 OK
r-patched-solaris-x86 1.2.4 266.50 NOTE
r-release-linux-x86_64 1.2.4 58.25 64.92 123.17 OK
r-release-macos-x86_64 1.2.4 NOTE
r-release-windows-ix86+x86_64 1.2.4 93.00 119.00 212.00 NOTE --no-vignettes
r-oldrel-macos-x86_64 1.2.4 NOTE
r-oldrel-windows-ix86+x86_64 1.2.4 95.00 124.00 219.00 NOTE --no-vignettes

Additional issues

M1mac M1mac

Check Details

Version: 1.2.4
Check: installed package size
Result: NOTE
     installed size is 12.5Mb
     sub-directories of 1Mb or more:
     doc 2.2Mb
     libs 9.6Mb
Flavors: r-devel-linux-x86_64-fedora-clang, r-patched-solaris-x86, r-release-macos-x86_64, r-oldrel-macos-x86_64

Version: 1.2.4
Check: top-level files
Result: NOTE
    ‘configure’: /bin/bash is not portable
Flavors: r-devel-linux-x86_64-fedora-clang, r-devel-linux-x86_64-fedora-gcc

Version: 1.2.4
Flags: --no-vignettes
Check: installed package size
Result: NOTE
     installed size is 6.3Mb
     sub-directories of 1Mb or more:
     doc 2.2Mb
     libs 3.5Mb
Flavors: r-devel-windows-ix86+x86_64, r-release-windows-ix86+x86_64, r-oldrel-windows-ix86+x86_64