CRAN Package Check Results for Package lolR

Last updated on 2021-01-25 00:48:02 CET.

Flavor Version Tinstall Tcheck Ttotal Status Flags
r-devel-linux-x86_64-debian-clang 2.1 9.56 222.46 232.02 OK
r-devel-linux-x86_64-debian-gcc 2.1 7.21 161.65 168.86 OK
r-devel-linux-x86_64-fedora-clang 2.1 273.70 NOTE
r-devel-linux-x86_64-fedora-gcc 2.1 273.01 NOTE
r-devel-windows-ix86+x86_64 2.1 22.00 224.00 246.00 OK
r-patched-linux-x86_64 2.1 8.83 205.30 214.13 OK
r-patched-solaris-x86 2.1 363.30 NOTE
r-release-linux-x86_64 2.1 9.26 205.44 214.70 OK
r-release-macos-x86_64 2.1 NOTE
r-release-windows-ix86+x86_64 2.1 28.00 257.00 285.00 OK
r-oldrel-macos-x86_64 2.1 NOTE
r-oldrel-windows-ix86+x86_64 2.1 16.00 263.00 279.00 OK

Check Details

Version: 2.1
Check: dependencies in R code
Result: NOTE
    Namespace in Imports field not imported from: ‘ggplot2’
     All declared Imports should be used.
Flavors: r-devel-linux-x86_64-fedora-clang, r-devel-linux-x86_64-fedora-gcc, r-patched-solaris-x86, r-release-macos-x86_64, r-oldrel-macos-x86_64