CRAN Package Check Results for Package maczic

Last updated on 2021-01-25 00:48:02 CET.

Flavor Version Tinstall Tcheck Ttotal Status Flags
r-devel-linux-x86_64-debian-clang 0.1.0 22.89 159.84 182.73 OK
r-devel-linux-x86_64-debian-gcc 0.1.0 18.00 116.58 134.58 OK
r-devel-linux-x86_64-fedora-clang 0.1.0 218.31 NOTE
r-devel-linux-x86_64-fedora-gcc 0.1.0 208.60 NOTE
r-devel-windows-ix86+x86_64 0.1.0 47.00 135.00 182.00 OK
r-patched-linux-x86_64 0.1.0 13.86 142.97 156.83 OK
r-patched-solaris-x86 0.1.0 279.80 NOTE
r-release-linux-x86_64 0.1.0 16.96 143.23 160.19 OK
r-release-macos-x86_64 0.1.0 NOTE
r-release-windows-ix86+x86_64 0.1.0 47.00 176.00 223.00 OK
r-oldrel-macos-x86_64 0.1.0 ERROR

Check Details

Version: 0.1.0
Check: dependencies in R code
Result: NOTE
    Namespace in Imports field not imported from: ‘mathjaxr’
     All declared Imports should be used.
Flavors: r-devel-linux-x86_64-fedora-clang, r-devel-linux-x86_64-fedora-gcc, r-patched-solaris-x86, r-release-macos-x86_64

Version: 0.1.0
Check: whether package can be installed
Result: ERROR
    Installation failed.
Flavor: r-oldrel-macos-x86_64