CRAN Package Check Results for Package mapdata

Last updated on 2021-01-25 00:48:02 CET.

Flavor Version Tinstall Tcheck Ttotal Status Flags
r-devel-linux-x86_64-debian-clang 2.3.0 15.76 24.84 40.60 OK
r-devel-linux-x86_64-debian-gcc 2.3.0 10.99 19.20 30.19 OK
r-devel-linux-x86_64-fedora-clang 2.3.0 56.43 NOTE
r-devel-linux-x86_64-fedora-gcc 2.3.0 47.77 OK
r-devel-windows-ix86+x86_64 2.3.0 73.00 37.00 110.00 NOTE
r-patched-linux-x86_64 2.3.0 15.23 23.70 38.93 OK
r-patched-solaris-x86 2.3.0 72.00 NOTE
r-release-linux-x86_64 2.3.0 16.00 23.67 39.67 OK
r-release-macos-x86_64 2.3.0 NOTE
r-release-windows-ix86+x86_64 2.3.0 62.00 37.00 99.00 NOTE
r-oldrel-macos-x86_64 2.3.0 NOTE
r-oldrel-windows-ix86+x86_64 2.3.0 70.00 37.00 107.00 NOTE

Check Details

Version: 2.3.0
Check: installed package size
Result: NOTE
     installed size is 33.5Mb
     sub-directories of 1Mb or more:
     mapdata 33.4Mb
Flavors: r-devel-linux-x86_64-fedora-clang, r-devel-windows-ix86+x86_64, r-patched-solaris-x86, r-release-macos-x86_64, r-release-windows-ix86+x86_64, r-oldrel-macos-x86_64, r-oldrel-windows-ix86+x86_64