CRAN Package Check Results for Package mcMST

Last updated on 2021-01-25 00:48:02 CET.

Flavor Version Tinstall Tcheck Ttotal Status Flags
r-devel-linux-x86_64-debian-clang 1.0.1 14.26 143.45 157.71 OK
r-devel-linux-x86_64-debian-gcc 1.0.1 11.10 106.28 117.38 OK
r-devel-linux-x86_64-fedora-clang 1.0.1 189.50 NOTE
r-devel-linux-x86_64-fedora-gcc 1.0.1 185.84 NOTE
r-devel-windows-ix86+x86_64 1.0.1 32.00 156.00 188.00 OK
r-patched-linux-x86_64 1.0.1 14.24 129.89 144.13 OK
r-patched-solaris-x86 1.0.1 274.80 NOTE
r-release-linux-x86_64 1.0.1 14.54 132.58 147.12 OK
r-release-macos-x86_64 1.0.1 NOTE
r-release-windows-ix86+x86_64 1.0.1 32.00 153.00 185.00 OK
r-oldrel-macos-x86_64 1.0.1 NOTE
r-oldrel-windows-ix86+x86_64 1.0.1 21.00 157.00 178.00 OK

Check Details

Version: 1.0.1
Check: dependencies in R code
Result: NOTE
    Namespaces in Imports field not imported from:
     ‘parallelMap’ ‘reshape2’
     All declared Imports should be used.
Flavors: r-devel-linux-x86_64-fedora-clang, r-devel-linux-x86_64-fedora-gcc, r-patched-solaris-x86, r-release-macos-x86_64, r-oldrel-macos-x86_64