CRAN Package Check Results for Package mcmcderive

Last updated on 2021-01-25 00:48:02 CET.

Flavor Version Tinstall Tcheck Ttotal Status Flags
r-devel-linux-x86_64-debian-clang 0.1.0 2.90 33.07 35.97 OK
r-devel-linux-x86_64-debian-gcc 0.1.0 2.24 25.85 28.09 OK
r-devel-linux-x86_64-fedora-clang 0.1.0 51.80 NOTE
r-devel-linux-x86_64-fedora-gcc 0.1.0 42.61 NOTE
r-devel-windows-ix86+x86_64 0.1.0 7.00 51.00 58.00 OK
r-patched-linux-x86_64 0.1.0 2.89 32.28 35.17 OK
r-patched-solaris-x86 0.1.0 61.50 NOTE
r-release-linux-x86_64 0.1.0 2.77 33.18 35.95 OK
r-release-macos-x86_64 0.1.0 NOTE
r-release-windows-ix86+x86_64 0.1.0 30.00 49.00 79.00 OK
r-oldrel-macos-x86_64 0.1.0 NOTE
r-oldrel-windows-ix86+x86_64 0.1.0 4.00 52.00 56.00 OK

Check Details

Version: 0.1.0
Check: dependencies in R code
Result: NOTE
    Namespace in Imports field not imported from: ‘term’
     All declared Imports should be used.
Flavors: r-devel-linux-x86_64-fedora-clang, r-devel-linux-x86_64-fedora-gcc, r-patched-solaris-x86, r-release-macos-x86_64, r-oldrel-macos-x86_64