CRAN Package Check Results for Package mdpeer

Last updated on 2021-01-25 00:48:03 CET.

Flavor Version Tinstall Tcheck Ttotal Status Flags
r-devel-linux-x86_64-debian-clang 1.0.1 5.42 65.98 71.40 OK
r-devel-linux-x86_64-debian-gcc 1.0.1 4.36 49.82 54.18 OK
r-devel-linux-x86_64-fedora-clang 1.0.1 92.02 NOTE
r-devel-linux-x86_64-fedora-gcc 1.0.1 84.24 NOTE
r-devel-windows-ix86+x86_64 1.0.1 16.00 88.00 104.00 OK
r-patched-linux-x86_64 1.0.1 5.20 61.14 66.34 OK
r-patched-solaris-x86 1.0.1 121.10 NOTE
r-release-linux-x86_64 1.0.1 5.60 61.25 66.85 OK
r-release-macos-x86_64 1.0.1 NOTE
r-release-windows-ix86+x86_64 1.0.1 23.00 89.00 112.00 OK
r-oldrel-macos-x86_64 1.0.1 NOTE
r-oldrel-windows-ix86+x86_64 1.0.1 10.00 98.00 108.00 OK

Check Details

Version: 1.0.1
Check: dependencies in R code
Result: NOTE
    Namespace in Imports field not imported from: ‘glmnet’
     All declared Imports should be used.
Flavors: r-devel-linux-x86_64-fedora-clang, r-devel-linux-x86_64-fedora-gcc, r-patched-solaris-x86, r-release-macos-x86_64, r-oldrel-macos-x86_64