CRAN Package Check Results for Package mdsr

Last updated on 2021-01-25 00:48:03 CET.

Flavor Version Tinstall Tcheck Ttotal Status Flags
r-devel-linux-x86_64-debian-clang 0.2.4 15.37 79.28 94.65 OK
r-devel-linux-x86_64-debian-gcc 0.2.4 15.58 61.97 77.55 OK
r-devel-linux-x86_64-fedora-clang 0.2.4 124.56 NOTE
r-devel-linux-x86_64-fedora-gcc 0.2.4 116.04 NOTE
r-devel-windows-ix86+x86_64 0.2.4 32.00 118.00 150.00 NOTE
r-patched-linux-x86_64 0.2.4 15.68 74.95 90.63 OK
r-patched-solaris-x86 0.2.4 184.30 NOTE
r-release-linux-x86_64 0.2.4 15.82 75.60 91.42 OK
r-release-macos-x86_64 0.2.4 NOTE
r-release-windows-ix86+x86_64 0.2.4 50.00 109.00 159.00 NOTE
r-oldrel-macos-x86_64 0.2.4 NOTE
r-oldrel-windows-ix86+x86_64 0.2.4 26.00 87.00 113.00 NOTE

Check Details

Version: 0.2.4
Check: installed package size
Result: NOTE
     installed size is 6.5Mb
     sub-directories of 1Mb or more:
     data 6.2Mb
Flavors: r-devel-linux-x86_64-fedora-clang, r-devel-windows-ix86+x86_64, r-patched-solaris-x86, r-release-macos-x86_64, r-release-windows-ix86+x86_64, r-oldrel-macos-x86_64, r-oldrel-windows-ix86+x86_64

Version: 0.2.4
Check: data for non-ASCII characters
Result: NOTE
     Note: found 2866 marked UTF-8 strings
Flavors: r-devel-linux-x86_64-fedora-clang, r-devel-linux-x86_64-fedora-gcc, r-patched-solaris-x86, r-release-macos-x86_64, r-oldrel-macos-x86_64