CRAN Package Check Results for Package mdw

Last updated on 2021-01-25 00:48:03 CET.

Flavor Version Tinstall Tcheck Ttotal Status Flags
r-devel-linux-x86_64-debian-clang 2020.6-17 8.06 70.06 78.12 OK
r-devel-linux-x86_64-debian-gcc 2020.6-17 6.45 53.97 60.42 OK
r-devel-linux-x86_64-fedora-clang 2020.6-17 100.58 OK
r-devel-linux-x86_64-fedora-gcc 2020.6-17 92.48 OK
r-devel-windows-ix86+x86_64 2020.6-17 16.00 88.00 104.00 OK
r-patched-linux-x86_64 2020.6-17 7.36 64.76 72.12 OK
r-patched-solaris-x86 2020.6-17 131.30 NOTE
r-release-linux-x86_64 2020.6-17 6.29 64.65 70.94 OK
r-release-macos-x86_64 2020.6-17 OK
r-release-windows-ix86+x86_64 2020.6-17 14.00 89.00 103.00 OK
r-oldrel-macos-x86_64 2020.6-17 OK
r-oldrel-windows-ix86+x86_64 2020.6-17 13.00 98.00 111.00 OK

Check Details

Version: 2020.6-17
Check: package dependencies
Result: NOTE
    Package suggested but not available for checking: ‘Rmosek’
Flavor: r-patched-solaris-x86