Last updated on 2021-01-25 00:48:03 CET.
Flavor | Version | Tinstall | Tcheck | Ttotal | Status | Flags |
---|---|---|---|---|---|---|
r-devel-linux-x86_64-debian-clang | 0.3 | 14.24 | 128.60 | 142.84 | OK | |
r-devel-linux-x86_64-debian-gcc | 0.3 | 11.97 | 99.28 | 111.25 | OK | |
r-devel-linux-x86_64-fedora-clang | 0.3 | 179.52 | OK | |||
r-devel-linux-x86_64-fedora-gcc | 0.3 | 171.22 | OK | |||
r-devel-windows-ix86+x86_64 | 0.3 | 34.00 | 190.00 | 224.00 | OK | |
r-patched-linux-x86_64 | 0.3 | 13.79 | 116.22 | 130.01 | OK | |
r-patched-solaris-x86 | 0.3 | 230.60 | OK | |||
r-release-linux-x86_64 | 0.3 | 13.11 | 119.71 | 132.82 | OK | |
r-release-macos-x86_64 | 0.3 | ERROR | ||||
r-release-windows-ix86+x86_64 | 0.3 | 50.00 | 189.00 | 239.00 | OK | |
r-oldrel-macos-x86_64 | 0.3 | ERROR | ||||
r-oldrel-windows-ix86+x86_64 | 0.3 | 24.00 | 196.00 | 220.00 | OK |
Version: 0.3
Check: package dependencies
Result: ERROR
Package required but not available: ‘Rmpi’
See section ‘The DESCRIPTION file’ in the ‘Writing R Extensions’
manual.
Flavors: r-release-macos-x86_64, r-oldrel-macos-x86_64