Last updated on 2021-01-25 00:48:03 CET.
Flavor | Version | Tinstall | Tcheck | Ttotal | Status | Flags |
---|---|---|---|---|---|---|
r-devel-linux-x86_64-debian-clang | 0.0.5 | 71.13 | 102.13 | 173.26 | OK | |
r-devel-linux-x86_64-debian-gcc | 0.0.5 | 51.45 | 76.84 | 128.29 | OK | |
r-devel-linux-x86_64-fedora-clang | 0.0.5 | 230.61 | NOTE | |||
r-devel-linux-x86_64-fedora-gcc | 0.0.5 | 214.35 | OK | |||
r-devel-windows-ix86+x86_64 | 0.0.5 | 159.00 | 175.00 | 334.00 | OK | |
r-patched-linux-x86_64 | 0.0.5 | 56.06 | 90.88 | 146.94 | OK | |
r-patched-solaris-x86 | 0.0.5 | 250.90 | OK | |||
r-release-linux-x86_64 | 0.0.5 | 59.17 | 93.05 | 152.22 | OK | |
r-release-macos-x86_64 | 0.0.5 | NOTE | ||||
r-release-windows-ix86+x86_64 | 0.0.5 | 148.00 | 173.00 | 321.00 | OK | |
r-oldrel-macos-x86_64 | 0.0.5 | NOTE | ||||
r-oldrel-windows-ix86+x86_64 | 0.0.5 | 124.00 | 160.00 | 284.00 | OK |
Version: 0.0.5
Check: installed package size
Result: NOTE
installed size is 5.4Mb
sub-directories of 1Mb or more:
libs 4.7Mb
Flavors: r-devel-linux-x86_64-fedora-clang, r-release-macos-x86_64, r-oldrel-macos-x86_64