CRAN Package Check Results for Package mlergm

Last updated on 2021-01-25 00:48:03 CET.

Flavor Version Tinstall Tcheck Ttotal Status Flags
r-devel-linux-x86_64-debian-clang 0.7 15.08 123.87 138.95 OK
r-devel-linux-x86_64-debian-gcc 0.7 12.06 92.21 104.27 OK
r-devel-linux-x86_64-fedora-clang 0.7 171.05 OK
r-devel-linux-x86_64-fedora-gcc 0.7 171.65 OK
r-devel-windows-ix86+x86_64 0.7 33.00 140.00 173.00 OK
r-patched-linux-x86_64 0.7 12.69 111.38 124.07 OK
r-patched-solaris-x86 0.7 219.50 OK
r-release-linux-x86_64 0.7 13.47 116.45 129.92 OK
r-release-macos-x86_64 0.7 OK
r-release-windows-ix86+x86_64 0.7 34.00 143.00 177.00 OK
r-oldrel-macos-x86_64 0.7 ERROR
r-oldrel-windows-ix86+x86_64 0.5 36.00 150.00 186.00 OK

Check Details

Version: 0.7
Check: whether package can be installed
Result: ERROR
    Installation failed.
Flavor: r-oldrel-macos-x86_64