Last updated on 2021-01-25 00:48:03 CET.
Flavor | Version | Tinstall | Tcheck | Ttotal | Status | Flags |
---|---|---|---|---|---|---|
r-devel-linux-x86_64-debian-clang | 0.1.4 | 3.03 | 40.93 | 43.96 | OK | |
r-devel-linux-x86_64-debian-gcc | 0.1.4 | 2.00 | 31.87 | 33.87 | OK | |
r-devel-linux-x86_64-fedora-clang | 0.1.4 | 61.99 | NOTE | |||
r-devel-linux-x86_64-fedora-gcc | 0.1.4 | 51.45 | NOTE | |||
r-devel-windows-ix86+x86_64 | 0.1.4 | 8.00 | 60.00 | 68.00 | OK | |
r-patched-linux-x86_64 | 0.1.4 | 2.85 | 39.08 | 41.93 | OK | |
r-patched-solaris-x86 | 0.1.4 | 78.60 | NOTE | |||
r-release-linux-x86_64 | 0.1.4 | 3.32 | 40.06 | 43.38 | OK | |
r-release-macos-x86_64 | 0.1.4 | NOTE | ||||
r-release-windows-ix86+x86_64 | 0.1.4 | 8.00 | 61.00 | 69.00 | OK | |
r-oldrel-macos-x86_64 | 0.1.4 | NOTE | ||||
r-oldrel-windows-ix86+x86_64 | 0.1.4 | 4.00 | 61.00 | 65.00 | OK |
Version: 0.1.4
Check: dependencies in R code
Result: NOTE
Namespaces in Imports field not imported from:
‘caret’ ‘randomForest’
All declared Imports should be used.
Flavors: r-devel-linux-x86_64-fedora-clang, r-devel-linux-x86_64-fedora-gcc, r-patched-solaris-x86, r-release-macos-x86_64, r-oldrel-macos-x86_64