CRAN Package Check Results for Package mlr3shiny

Last updated on 2021-01-25 00:48:03 CET.

Flavor Version Tinstall Tcheck Ttotal Status Flags
r-devel-linux-x86_64-debian-clang 0.1.1 1.86 23.93 25.79 OK
r-devel-linux-x86_64-debian-gcc 0.1.1 1.76 18.31 20.07 OK
r-devel-linux-x86_64-fedora-clang 0.1.1 39.70 NOTE
r-devel-linux-x86_64-fedora-gcc 0.1.1 30.23 NOTE
r-devel-windows-ix86+x86_64 0.1.1 7.00 43.00 50.00 OK
r-patched-linux-x86_64 0.1.1 1.99 22.34 24.33 OK
r-patched-solaris-x86 0.1.1 47.70 NOTE
r-release-linux-x86_64 0.1.1 2.13 23.58 25.71 OK
r-release-macos-x86_64 0.1.1 NOTE
r-release-windows-ix86+x86_64 0.1.1 17.00 39.00 56.00 OK
r-oldrel-macos-x86_64 0.1.1 NOTE
r-oldrel-windows-ix86+x86_64 0.1.1 4.00 31.00 35.00 OK

Check Details

Version: 0.1.1
Check: dependencies in R code
Result: NOTE
    Namespaces in Imports field not imported from:
     ‘DT’ ‘data.table’ ‘e1071’ ‘mlr3’ ‘mlr3learners’ ‘mlr3measures’ ‘plyr’
     ‘purrr’ ‘ranger’ ‘readxl’ ‘shinyWidgets’ ‘shinyalert’
     ‘shinydashboard’ ‘shinyjs’ ‘shinythemes’ ‘stats’ ‘stringr’
     All declared Imports should be used.
Flavors: r-devel-linux-x86_64-fedora-clang, r-devel-linux-x86_64-fedora-gcc, r-patched-solaris-x86, r-release-macos-x86_64, r-oldrel-macos-x86_64