Last updated on 2021-01-25 00:48:03 CET.
Flavor | Version | Tinstall | Tcheck | Ttotal | Status | Flags |
---|---|---|---|---|---|---|
r-devel-linux-x86_64-debian-clang | 2.0.1 | 34.01 | 35.08 | 69.09 | OK | |
r-devel-linux-x86_64-debian-gcc | 2.0.1 | 24.53 | 26.65 | 51.18 | OK | |
r-devel-linux-x86_64-fedora-clang | 2.0.1 | 96.34 | NOTE | |||
r-devel-linux-x86_64-fedora-gcc | 2.0.1 | 84.80 | OK | |||
r-devel-windows-ix86+x86_64 | 2.0.1 | 67.00 | 81.00 | 148.00 | OK | |
r-patched-linux-x86_64 | 2.0.1 | 30.76 | 35.36 | 66.12 | OK | |
r-patched-solaris-x86 | 2.0.1 | 156.40 | OK | |||
r-release-linux-x86_64 | 2.0.1 | 27.88 | 35.27 | 63.15 | OK | |
r-release-macos-x86_64 | 2.0.1 | NOTE | ||||
r-release-windows-ix86+x86_64 | 2.0.1 | 61.00 | 76.00 | 137.00 | OK | |
r-oldrel-macos-x86_64 | 2.0.1 | NOTE | ||||
r-oldrel-windows-ix86+x86_64 | 2.0.1 | 53.00 | 77.00 | 130.00 | OK |
Version: 2.0.1
Check: installed package size
Result: NOTE
installed size is 15.0Mb
sub-directories of 1Mb or more:
libs 14.9Mb
Flavors: r-devel-linux-x86_64-fedora-clang, r-release-macos-x86_64, r-oldrel-macos-x86_64