Last updated on 2021-01-25 00:48:03 CET.
Flavor | Version | Tinstall | Tcheck | Ttotal | Status | Flags |
---|---|---|---|---|---|---|
r-devel-linux-x86_64-debian-clang | 1.5.2 | 140.20 | 319.15 | 459.35 | OK | |
r-devel-linux-x86_64-debian-gcc | 1.5.2 | 100.05 | 237.79 | 337.84 | OK | |
r-devel-linux-x86_64-fedora-clang | 1.5.2 | 570.05 | NOTE | |||
r-devel-linux-x86_64-fedora-gcc | 1.5.2 | 559.93 | OK | |||
r-devel-windows-ix86+x86_64 | 1.5.2 | 292.00 | 372.00 | 664.00 | NOTE | |
r-patched-linux-x86_64 | 1.5.2 | 118.76 | 293.66 | 412.42 | OK | |
r-patched-solaris-x86 | 1.5.2 | 583.90 | OK | |||
r-release-linux-x86_64 | 1.5.2 | 118.73 | 286.58 | 405.31 | OK | |
r-release-macos-x86_64 | 1.5.2 | NOTE | ||||
r-release-windows-ix86+x86_64 | 1.5.2 | 264.00 | 479.00 | 743.00 | NOTE | |
r-oldrel-macos-x86_64 | 1.5.2 | NOTE | ||||
r-oldrel-windows-ix86+x86_64 | 1.5.2 | 224.00 | 431.00 | 655.00 | NOTE |
Version: 1.5.2
Check: package dependencies
Result: NOTE
Imports includes 21 non-default packages.
Importing from so many packages makes the package vulnerable to any of
them becoming unavailable. Move as many as possible to Suggests and
use conditionally.
Flavor: r-devel-linux-x86_64-fedora-clang
Version: 1.5.2
Check: installed package size
Result: NOTE
installed size is 8.3Mb
sub-directories of 1Mb or more:
R 1.2Mb
doc 1.7Mb
libs 4.7Mb
Flavors: r-devel-linux-x86_64-fedora-clang, r-devel-windows-ix86+x86_64, r-release-macos-x86_64, r-release-windows-ix86+x86_64, r-oldrel-macos-x86_64, r-oldrel-windows-ix86+x86_64
Version: 1.5.2
Check: Rd cross-references
Result: NOTE
Undeclared package ‘sf’ in Rd xrefs
Flavor: r-devel-linux-x86_64-fedora-clang