Last updated on 2021-01-25 00:48:03 CET.
Flavor | Version | Tinstall | Tcheck | Ttotal | Status | Flags |
---|---|---|---|---|---|---|
r-devel-linux-x86_64-debian-clang | 1.1.0 | 3.73 | 78.53 | 82.26 | OK | |
r-devel-linux-x86_64-debian-gcc | 1.1.0 | 3.11 | 59.63 | 62.74 | OK | |
r-devel-linux-x86_64-fedora-clang | 1.1.0 | 102.74 | NOTE | |||
r-devel-linux-x86_64-fedora-gcc | 1.1.0 | 96.36 | NOTE | |||
r-devel-windows-ix86+x86_64 | 1.1.0 | 8.00 | 78.00 | 86.00 | OK | |
r-patched-linux-x86_64 | 1.1.0 | 4.05 | 74.14 | 78.19 | OK | |
r-patched-solaris-x86 | 1.1.0 | 127.60 | NOTE | |||
r-release-linux-x86_64 | 1.1.0 | 3.26 | 75.25 | 78.51 | OK | |
r-release-macos-x86_64 | 1.1.0 | NOTE | ||||
r-release-windows-ix86+x86_64 | 1.1.0 | 5.00 | 108.00 | 113.00 | OK | |
r-oldrel-macos-x86_64 | 1.1.0 | NOTE | ||||
r-oldrel-windows-ix86+x86_64 | 1.1.0 | 5.00 | 106.00 | 111.00 | OK |
Version: 1.1.0
Check: dependencies in R code
Result: NOTE
Namespace in Imports field not imported from: ‘crayon’
All declared Imports should be used.
Flavors: r-devel-linux-x86_64-fedora-clang, r-devel-linux-x86_64-fedora-gcc, r-patched-solaris-x86, r-release-macos-x86_64, r-oldrel-macos-x86_64