Last updated on 2021-01-25 00:48:03 CET.
Flavor | Version | Tinstall | Tcheck | Ttotal | Status | Flags |
---|---|---|---|---|---|---|
r-devel-linux-x86_64-debian-clang | 0.3.0 | 8.20 | 89.51 | 97.71 | OK | |
r-devel-linux-x86_64-debian-gcc | 0.3.0 | 5.63 | 66.23 | 71.86 | OK | |
r-devel-linux-x86_64-fedora-clang | 0.3.0 | 120.26 | NOTE | |||
r-devel-linux-x86_64-fedora-gcc | 0.3.0 | 109.54 | NOTE | |||
r-devel-windows-ix86+x86_64 | 0.3.0 | 19.00 | 84.00 | 103.00 | OK | |
r-patched-linux-x86_64 | 0.3.0 | 5.11 | 82.49 | 87.60 | OK | |
r-patched-solaris-x86 | 0.3.0 | 155.60 | NOTE | |||
r-release-linux-x86_64 | 0.3.0 | 7.92 | 84.70 | 92.62 | OK | |
r-release-macos-x86_64 | 0.3.0 | NOTE | ||||
r-release-windows-ix86+x86_64 | 0.3.0 | 36.00 | 123.00 | 159.00 | OK | |
r-oldrel-macos-x86_64 | 0.3.0 | NOTE | ||||
r-oldrel-windows-ix86+x86_64 | 0.3.0 | 14.00 | 104.00 | 118.00 | OK |
Version: 0.3.0
Check: dependencies in R code
Result: NOTE
Namespaces in Imports field not imported from:
‘MASS’ ‘caret’ ‘ggformula’ ‘knitr’ ‘testthat’ ‘tidyverse’
All declared Imports should be used.
Flavors: r-devel-linux-x86_64-fedora-clang, r-devel-linux-x86_64-fedora-gcc, r-patched-solaris-x86, r-release-macos-x86_64, r-oldrel-macos-x86_64