CRAN Package Check Results for Package movMF

Last updated on 2021-01-25 00:48:03 CET.

Flavor Version Tinstall Tcheck Ttotal Status Flags
r-devel-linux-x86_64-debian-clang 0.2-5 4.65 73.59 78.24 NOTE
r-devel-linux-x86_64-debian-gcc 0.2-5 3.42 57.57 60.99 NOTE
r-devel-linux-x86_64-fedora-clang 0.2-5 106.35 NOTE
r-devel-linux-x86_64-fedora-gcc 0.2-5 106.78 NOTE
r-devel-windows-ix86+x86_64 0.2-5 16.00 120.00 136.00 NOTE
r-patched-linux-x86_64 0.2-5 3.57 70.98 74.55 NOTE
r-patched-solaris-x86 0.2-5 123.90 NOTE
r-release-linux-x86_64 0.2-5 4.58 70.93 75.51 WARN
r-release-macos-x86_64 0.2-5 NOTE
r-release-windows-ix86+x86_64 0.2-5 11.00 115.00 126.00 NOTE
r-oldrel-macos-x86_64 0.2-5 NOTE
r-oldrel-windows-ix86+x86_64 0.2-5 12.00 112.00 124.00 NOTE

Check Details

Version: 0.2-5
Check: package dependencies
Result: NOTE
    Package suggested but not available for checking: 'corpus.useR.2008.abstracts'
Flavors: r-devel-linux-x86_64-debian-clang, r-devel-linux-x86_64-debian-gcc, r-devel-linux-x86_64-fedora-clang, r-devel-linux-x86_64-fedora-gcc, r-devel-windows-ix86+x86_64, r-patched-linux-x86_64, r-patched-solaris-x86, r-release-linux-x86_64, r-release-macos-x86_64, r-release-windows-ix86+x86_64, r-oldrel-macos-x86_64, r-oldrel-windows-ix86+x86_64

Version: 0.2-5
Check: re-building of vignette outputs
Result: WARN
    Error(s) in re-building vignettes:
     ...
    --- re-building ‘movMF.Rnw’ using Sweave
    trying URL ‘https://datacube.wu.ac.at/src/contrib/corpus.useR.2008.abstracts_2009.08.10.tar.gz’
    Content type 'application/x-gzip' length 98736 bytes (96 KB)
    ==================================================
    downloaded 96 KB
    
    * installing *source* package ‘corpus.useR.2008.abstracts’ ...
    ** using staged installation
    ** data
    ** help
    *** installing help indices
    ** building package indices
    ** testing if installed package can be loaded from temporary location
    ** testing if installed package can be loaded from final location
    ** testing if installed package keeps a record of temporary installation path
    * DONE (corpus.useR.2008.abstracts)
    
    The downloaded source packages are in
     '/tmp/RtmpZPxMXq/downloaded_packages'
    Loading required package: NLP
    Loading required package: grid
    Error: processing vignette 'movMF.Rnw' failed with diagnostics:
    Running ‘texi2dvi’ on ‘movMF.tex’ failed.
    LaTeX errors:
    ! Undefined control sequence.
    <recently read> \Hy@colorlink
    
    l.82 \begin{document}
    
    ! Undefined control sequence.
    \close@pdflink ->\Hy@endcolorlink
     \Hy@VerboseLinkStop \pdfendlink
    l.82 \begin{document}
    
    ! Undefined control sequence.
    <recently read> \Hy@colorlink
    
    l.82 \begin{document}
    
    ! Undefined control sequence.
    \close@pdflink ->\Hy@endcolorlink
     \Hy@VerboseLinkStop \pdfendlink
    l.82 \begin{document}
    
    --- failed re-building 'movMF.Rnw'
    
    SUMMARY: processing the following file failed:
     'movMF.Rnw'
    
    Error: Vignette re-building failed.
    Execution halted
Flavor: r-release-linux-x86_64