Last updated on 2021-01-25 00:48:03 CET.
Flavor | Version | Tinstall | Tcheck | Ttotal | Status | Flags |
---|---|---|---|---|---|---|
r-devel-linux-x86_64-debian-clang | 4.0.6 | 37.43 | 347.12 | 384.55 | OK | |
r-devel-linux-x86_64-debian-gcc | 4.0.6 | 28.64 | 254.35 | 282.99 | OK | |
r-devel-linux-x86_64-fedora-clang | 4.0.6 | 443.69 | OK | |||
r-devel-linux-x86_64-fedora-gcc | 4.0.6 | 459.61 | OK | |||
r-devel-windows-ix86+x86_64 | 4.0.6 | 73.00 | 486.00 | 559.00 | NOTE | |
r-patched-linux-x86_64 | 4.0.6 | 33.67 | 329.71 | 363.38 | OK | |
r-patched-solaris-x86 | 4.0.6 | 532.00 | OK | |||
r-release-linux-x86_64 | 4.0.6 | 33.46 | 335.61 | 369.07 | OK | |
r-release-macos-x86_64 | 4.0.6 | OK | ||||
r-release-windows-ix86+x86_64 | 4.0.6 | 71.00 | 666.00 | 737.00 | NOTE | |
r-oldrel-macos-x86_64 | 4.0.6 | OK | ||||
r-oldrel-windows-ix86+x86_64 | 4.0.6 | 55.00 | 555.00 | 610.00 | OK |
Version: 4.0.6
Check: installed package size
Result: NOTE
installed size is 5.5Mb
sub-directories of 1Mb or more:
R 1.1Mb
libs 1.9Mb
Flavors: r-devel-windows-ix86+x86_64, r-release-windows-ix86+x86_64