CRAN Package Check Results for Package msigdbr

Last updated on 2021-01-25 00:48:04 CET.

Flavor Version Tinstall Tcheck Ttotal Status Flags
r-devel-linux-x86_64-debian-clang 7.2.1 35.68 108.69 144.37 OK
r-devel-linux-x86_64-debian-gcc 7.2.1 32.22 87.45 119.67 OK
r-devel-linux-x86_64-fedora-clang 7.2.1 191.71 NOTE
r-devel-linux-x86_64-fedora-gcc 7.2.1 188.81 OK
r-devel-windows-ix86+x86_64 7.2.1 60.00 114.00 174.00 NOTE
r-patched-linux-x86_64 7.2.1 34.18 101.31 135.49 OK
r-patched-solaris-x86 7.2.1 356.90 NOTE
r-release-linux-x86_64 7.2.1 36.72 101.55 138.27 OK
r-release-macos-x86_64 7.2.1 NOTE
r-release-windows-ix86+x86_64 7.2.1 58.00 148.00 206.00 NOTE
r-oldrel-macos-x86_64 7.2.1 NOTE
r-oldrel-windows-ix86+x86_64 7.2.1 58.00 139.00 197.00 NOTE

Check Details

Version: 7.2.1
Check: installed package size
Result: NOTE
     installed size is 6.6Mb
     sub-directories of 1Mb or more:
     R 6.4Mb
Flavors: r-devel-linux-x86_64-fedora-clang, r-devel-windows-ix86+x86_64, r-patched-solaris-x86, r-release-macos-x86_64, r-release-windows-ix86+x86_64, r-oldrel-macos-x86_64, r-oldrel-windows-ix86+x86_64