Last updated on 2021-01-25 00:48:04 CET.
Flavor | Version | Tinstall | Tcheck | Ttotal | Status | Flags |
---|---|---|---|---|---|---|
r-devel-linux-x86_64-debian-clang | 11.3.0.1 | 11.97 | 48.75 | 60.72 | OK | |
r-devel-linux-x86_64-debian-gcc | 11.3.0.1 | 10.00 | 37.46 | 47.46 | OK | |
r-devel-linux-x86_64-fedora-clang | 11.3.0.1 | 81.55 | NOTE | |||
r-devel-linux-x86_64-fedora-gcc | 11.3.0.1 | 73.64 | NOTE | |||
r-devel-windows-ix86+x86_64 | 11.3.0.1 | 24.00 | 52.00 | 76.00 | OK | |
r-patched-linux-x86_64 | 11.3.0.1 | 11.23 | 45.11 | 56.34 | OK | |
r-patched-solaris-x86 | 11.3.0.1 | 110.40 | NOTE | |||
r-release-linux-x86_64 | 11.3.0.1 | 11.00 | 45.10 | 56.10 | OK | |
r-release-macos-x86_64 | 11.3.0.1 | NOTE | ||||
r-release-windows-ix86+x86_64 | 11.3.0.1 | 32.00 | 69.00 | 101.00 | OK | |
r-oldrel-macos-x86_64 | 11.3.0.1 | NOTE | ||||
r-oldrel-windows-ix86+x86_64 | 11.3.0.1 | 17.00 | 67.00 | 84.00 | OK |
Version: 11.3.0.1
Check: dependencies in R code
Result: NOTE
Namespace in Imports field not imported from: ‘methods’
All declared Imports should be used.
Flavors: r-devel-linux-x86_64-fedora-clang, r-devel-linux-x86_64-fedora-gcc, r-patched-solaris-x86, r-release-macos-x86_64, r-oldrel-macos-x86_64
Version: 11.3.0.1
Check: installed package size
Result: NOTE
installed size is 5.0Mb
sub-directories of 1Mb or more:
www 4.4Mb
Flavor: r-patched-solaris-x86