Last updated on 2021-01-25 00:48:04 CET.
Flavor | Version | Tinstall | Tcheck | Ttotal | Status | Flags |
---|---|---|---|---|---|---|
r-devel-linux-x86_64-debian-clang | 1.2.6.1 | 7.79 | 61.23 | 69.02 | OK | |
r-devel-linux-x86_64-debian-gcc | 1.2.6.1 | 6.64 | 48.47 | 55.11 | OK | |
r-devel-linux-x86_64-fedora-clang | 1.2.6.1 | 91.90 | NOTE | |||
r-devel-linux-x86_64-fedora-gcc | 1.2.6.1 | 84.21 | NOTE | |||
r-devel-windows-ix86+x86_64 | 1.2.6.1 | 20.00 | 76.00 | 96.00 | OK | |
r-patched-linux-x86_64 | 1.2.6.1 | 7.15 | 57.39 | 64.54 | OK | |
r-patched-solaris-x86 | 1.2.6.1 | 124.40 | OK | |||
r-release-linux-x86_64 | 1.2.6.1 | 8.05 | 57.02 | 65.07 | OK | |
r-release-macos-x86_64 | 1.2.6.1 | OK | ||||
r-release-windows-ix86+x86_64 | 1.2.6.1 | 16.00 | 97.00 | 113.00 | OK | |
r-oldrel-macos-x86_64 | 1.2.6.1 | OK | ||||
r-oldrel-windows-ix86+x86_64 | 1.2.6.1 | 14.00 | 94.00 | 108.00 | OK |
Version: 1.2.6.1
Check: compiled code
Result: NOTE
File ‘muhaz/libs/muhaz.so’:
Found no calls to: ‘R_registerRoutines’, ‘R_useDynamicSymbols’
It is good practice to register native routines and to disable symbol
search.
See ‘Writing portable packages’ in the ‘Writing R Extensions’ manual.
Flavors: r-devel-linux-x86_64-fedora-clang, r-devel-linux-x86_64-fedora-gcc