CRAN Package Check Results for Package multgee

Last updated on 2021-01-25 00:48:04 CET.

Flavor Version Tinstall Tcheck Ttotal Status Flags
r-devel-linux-x86_64-debian-clang 1.7.0 11.25 116.61 127.86 OK
r-devel-linux-x86_64-debian-gcc 1.7.0 9.07 86.01 95.08 OK
r-devel-linux-x86_64-fedora-clang 1.7.0 156.74 OK
r-devel-linux-x86_64-fedora-gcc 1.7.0 148.64 OK
r-devel-windows-ix86+x86_64 1.7.0 22.00 97.00 119.00 OK
r-patched-linux-x86_64 1.7.0 10.24 106.62 116.86 OK
r-patched-solaris-x86 1.7.0 198.70 OK
r-release-linux-x86_64 1.7.0 10.90 101.98 112.88 WARN
r-release-macos-x86_64 1.7.0 OK
r-release-windows-ix86+x86_64 1.7.0 17.00 134.00 151.00 OK
r-oldrel-macos-x86_64 1.7.0 OK
r-oldrel-windows-ix86+x86_64 1.7.0 16.00 124.00 140.00 OK

Check Details

Version: 1.7.0
Check: re-building of vignette outputs
Result: WARN
    Error(s) in re-building vignettes:
     ...
    --- re-building ‘multgee_vignette.Rmd’ using rmarkdown
    ! Undefined control sequence.
    \hyper@linkurl ...tionraw >>}\relax \Hy@colorlink
     \@urlcolor #1\Hy@xspace@en...
    l.79 \begin{document}
    
    Error: processing vignette 'multgee_vignette.Rmd' failed with diagnostics:
    LaTeX failed to compile /home/hornik/tmp/R.check/r-release-gcc/Work/PKGS/multgee.Rcheck/vign_test/multgee/vignettes/multgee_vignette.tex. See https://yihui.org/tinytex/r/#debugging for debugging tips. See multgee_vignette.log for more info.
    --- failed re-building ‘multgee_vignette.Rmd’
    
    SUMMARY: processing the following file failed:
     ‘multgee_vignette.Rmd’
    
    Error: Vignette re-building failed.
    Execution halted
Flavor: r-release-linux-x86_64