Last updated on 2021-01-25 00:48:04 CET.
Flavor | Version | Tinstall | Tcheck | Ttotal | Status | Flags |
---|---|---|---|---|---|---|
r-devel-linux-x86_64-debian-clang | 1.0.2 | 10.57 | 131.40 | 141.97 | OK | |
r-devel-linux-x86_64-debian-gcc | 1.0.2 | 8.25 | 98.44 | 106.69 | OK | |
r-devel-linux-x86_64-fedora-clang | 1.0.2 | 176.86 | NOTE | |||
r-devel-linux-x86_64-fedora-gcc | 1.0.2 | 171.42 | NOTE | |||
r-devel-windows-ix86+x86_64 | 1.0.2 | 29.00 | 168.00 | 197.00 | OK | |
r-patched-linux-x86_64 | 1.0.2 | 9.86 | 122.15 | 132.01 | OK | |
r-patched-solaris-x86 | 1.0.2 | 261.20 | NOTE | |||
r-release-linux-x86_64 | 1.0.2 | 9.69 | 123.00 | 132.69 | OK | |
r-release-macos-x86_64 | 1.0.2 | NOTE | ||||
r-release-windows-ix86+x86_64 | 1.0.2 | 28.00 | 163.00 | 191.00 | OK | |
r-oldrel-macos-x86_64 | 1.0.2 | NOTE | ||||
r-oldrel-windows-ix86+x86_64 | 1.0.2 | 19.00 | 140.00 | 159.00 | OK |
Version: 1.0.2
Check: dependencies in R code
Result: NOTE
Namespace in Imports field not imported from: ‘Rdpack’
All declared Imports should be used.
Flavors: r-devel-linux-x86_64-fedora-clang, r-devel-linux-x86_64-fedora-gcc, r-patched-solaris-x86, r-release-macos-x86_64, r-oldrel-macos-x86_64