CRAN Package Check Results for Package mvabund

Last updated on 2021-01-25 00:48:04 CET.

Flavor Version Tinstall Tcheck Ttotal Status Flags
r-devel-linux-x86_64-debian-clang 4.1.6 102.12 174.05 276.17 OK
r-devel-linux-x86_64-debian-gcc 4.1.6 64.59 126.36 190.95 OK
r-devel-linux-x86_64-fedora-clang 4.1.6 361.39 OK
r-devel-linux-x86_64-fedora-gcc 4.1.6 353.74 OK
r-devel-windows-ix86+x86_64 4.1.6 219.00 329.00 548.00 OK
r-patched-linux-x86_64 4.1.6 76.08 163.19 239.27 OK
r-patched-solaris-x86 4.1.6 417.00 OK
r-release-linux-x86_64 4.1.6 79.86 162.16 242.02 OK
r-release-macos-x86_64 4.1.6 NOTE
r-release-windows-ix86+x86_64 4.1.6 171.00 314.00 485.00 OK
r-oldrel-macos-x86_64 4.1.6 NOTE
r-oldrel-windows-ix86+x86_64 4.1.6 168.00 282.00 450.00 OK

Check Details

Version: 4.1.6
Check: installed package size
Result: NOTE
     installed size is 6.6Mb
     sub-directories of 1Mb or more:
     libs 5.5Mb
Flavors: r-release-macos-x86_64, r-oldrel-macos-x86_64