CRAN Package Check Results for Package newsanchor

Last updated on 2021-01-25 00:48:04 CET.

Flavor Version Tinstall Tcheck Ttotal Status Flags
r-devel-linux-x86_64-debian-clang 0.1.1 4.24 47.90 52.14 OK
r-devel-linux-x86_64-debian-gcc 0.1.1 3.73 36.96 40.69 OK
r-devel-linux-x86_64-fedora-clang 0.1.1 71.31 NOTE
r-devel-linux-x86_64-fedora-gcc 0.1.1 62.83 NOTE
r-devel-windows-ix86+x86_64 0.1.1 13.00 68.00 81.00 OK
r-patched-linux-x86_64 0.1.1 4.50 45.06 49.56 OK
r-patched-solaris-x86 0.1.1 84.00 NOTE
r-release-linux-x86_64 0.1.1 4.34 45.34 49.68 OK
r-release-macos-x86_64 0.1.1 NOTE
r-release-windows-ix86+x86_64 0.1.1 24.00 68.00 92.00 OK
r-oldrel-macos-x86_64 0.1.1 NOTE
r-oldrel-windows-ix86+x86_64 0.1.1 8.00 72.00 80.00 OK

Check Details

Version: 0.1.1
Check: dependencies in R code
Result: NOTE
    Namespaces in Imports field not imported from:
     ‘devtools’ ‘xml2’
     All declared Imports should be used.
Flavors: r-devel-linux-x86_64-fedora-clang, r-devel-linux-x86_64-fedora-gcc, r-patched-solaris-x86, r-release-macos-x86_64, r-oldrel-macos-x86_64

Version: 0.1.1
Check: data for non-ASCII characters
Result: NOTE
     Note: found 318 marked UTF-8 strings
Flavors: r-devel-linux-x86_64-fedora-clang, r-devel-linux-x86_64-fedora-gcc, r-patched-solaris-x86, r-release-macos-x86_64, r-oldrel-macos-x86_64