CRAN Package Check Results for Package newsmap

Last updated on 2021-01-25 00:48:04 CET.

Flavor Version Tinstall Tcheck Ttotal Status Flags
r-devel-linux-x86_64-debian-clang 0.7.3 11.69 116.91 128.60 OK
r-devel-linux-x86_64-debian-gcc 0.7.3 10.05 87.15 97.20 OK
r-devel-linux-x86_64-fedora-clang 0.7.3 158.80 NOTE
r-devel-linux-x86_64-fedora-gcc 0.7.3 147.33 NOTE
r-devel-windows-ix86+x86_64 0.7.3 29.00 124.00 153.00 OK
r-patched-linux-x86_64 0.7.3 10.15 107.97 118.12 OK
r-patched-solaris-x86 0.7.3 214.20 NOTE
r-release-linux-x86_64 0.7.3 11.49 108.14 119.63 OK
r-release-macos-x86_64 0.7.3 NOTE
r-release-windows-ix86+x86_64 0.7.3 31.00 137.00 168.00 OK
r-oldrel-macos-x86_64 0.7.3 NOTE
r-oldrel-windows-ix86+x86_64 0.7.3 19.00 131.00 150.00 OK

Check Details

Version: 0.7.3
Check: dependencies in R code
Result: NOTE
    Namespace in Imports field not imported from: ‘stringi’
     All declared Imports should be used.
Flavors: r-devel-linux-x86_64-fedora-clang, r-devel-linux-x86_64-fedora-gcc, r-patched-solaris-x86, r-release-macos-x86_64, r-oldrel-macos-x86_64

Version: 0.7.3
Check: data for non-ASCII characters
Result: NOTE
     Note: found 4485 marked UTF-8 strings
Flavors: r-devel-linux-x86_64-fedora-clang, r-devel-linux-x86_64-fedora-gcc, r-patched-solaris-x86, r-release-macos-x86_64, r-oldrel-macos-x86_64