Last updated on 2021-01-25 00:48:04 CET.
Flavor | Version | Tinstall | Tcheck | Ttotal | Status | Flags |
---|---|---|---|---|---|---|
r-devel-linux-x86_64-debian-clang | 0.3.5 | 23.81 | 252.35 | 276.16 | OK | |
r-devel-linux-x86_64-debian-gcc | 0.3.5 | 21.67 | 192.69 | 214.36 | OK | |
r-devel-linux-x86_64-fedora-clang | 0.3.5 | 336.73 | OK | |||
r-devel-linux-x86_64-fedora-gcc | 0.3.5 | 334.15 | OK | |||
r-devel-windows-ix86+x86_64 | 0.3.5 | 61.00 | 303.00 | 364.00 | OK | |
r-patched-linux-x86_64 | 0.3.5 | 24.17 | 235.49 | 259.66 | OK | |
r-patched-solaris-x86 | 0.3.5 | 485.80 | OK | |||
r-release-linux-x86_64 | 0.3.5 | 23.53 | 243.10 | 266.63 | OK | |
r-release-macos-x86_64 | 0.3.5 | NOTE | ||||
r-release-windows-ix86+x86_64 | 0.3.5 | 71.00 | 294.00 | 365.00 | OK | |
r-oldrel-macos-x86_64 | 0.3.5 | WARN | ||||
r-oldrel-windows-ix86+x86_64 | 0.3.5 | 54.00 | 331.00 | 385.00 | OK |
Version: 0.3.5
Check: package dependencies
Result: NOTE
Package suggested but not available for checking: ‘ALL’
Flavors: r-release-macos-x86_64, r-oldrel-macos-x86_64
Version: 0.3.5
Check: whether package can be installed
Result: WARN
Found the following significant warnings:
Warning: package ‘AnnotationDbi’ was built under R version 3.6.1
Warning: package ‘IRanges’ was built under R version 3.6.1
Warning: package ‘S4Vectors’ was built under R version 3.6.1
Flavor: r-oldrel-macos-x86_64