Last updated on 2021-01-25 00:48:04 CET.
Flavor | Version | Tinstall | Tcheck | Ttotal | Status | Flags |
---|---|---|---|---|---|---|
r-devel-linux-x86_64-debian-clang | 0.2.0 | 6.57 | 58.63 | 65.20 | NOTE | |
r-devel-linux-x86_64-debian-gcc | 0.2.0 | 4.46 | 44.67 | 49.13 | NOTE | |
r-devel-linux-x86_64-fedora-clang | 0.2.0 | 87.96 | NOTE | |||
r-devel-linux-x86_64-fedora-gcc | 0.2.0 | 75.24 | NOTE | |||
r-devel-windows-ix86+x86_64 | 0.2.0 | 17.00 | 78.00 | 95.00 | NOTE | |
r-patched-linux-x86_64 | 0.2.0 | 5.09 | 54.13 | 59.22 | NOTE | |
r-patched-solaris-x86 | 0.2.0 | 109.30 | NOTE | |||
r-release-linux-x86_64 | 0.2.0 | 6.63 | 53.93 | 60.56 | NOTE | |
r-release-macos-x86_64 | 0.2.0 | NOTE | ||||
r-release-windows-ix86+x86_64 | 0.2.0 | 17.00 | 78.00 | 95.00 | NOTE | |
r-oldrel-macos-x86_64 | 0.2.0 | NOTE | ||||
r-oldrel-windows-ix86+x86_64 | 0.2.0 | 11.00 | 67.00 | 78.00 | NOTE |
Version: 0.2.0
Check: package dependencies
Result: NOTE
Package suggested but not available for checking: 'hurricaneexposuredata'
Flavors: r-devel-linux-x86_64-debian-clang, r-devel-linux-x86_64-debian-gcc, r-devel-linux-x86_64-fedora-clang, r-devel-linux-x86_64-fedora-gcc, r-devel-windows-ix86+x86_64, r-patched-linux-x86_64, r-patched-solaris-x86, r-release-linux-x86_64, r-release-macos-x86_64, r-release-windows-ix86+x86_64, r-oldrel-macos-x86_64, r-oldrel-windows-ix86+x86_64
Version: 0.2.0
Check: dependencies in R code
Result: NOTE
Namespaces in Imports field not imported from:
‘RColorBrewer’ ‘choroplethr’ ‘choroplethrMaps’ ‘data.table’ ‘forcats’
‘hurricaneexposure’ ‘plyr’
All declared Imports should be used.
Flavors: r-devel-linux-x86_64-fedora-clang, r-devel-linux-x86_64-fedora-gcc, r-patched-solaris-x86, r-release-macos-x86_64, r-oldrel-macos-x86_64